 - v = 0. What is the tens digit of u?
2
Suppose 3*s = 29 + 232. What is the tens digit of s?
8
Suppose -n = -4*z + 94 + 154, -203 = -3*z + 5*n. What is the units digit of z?
1
Let p = 8 + -4. Suppose 4*y - 2*k - 8 = 0, 0*y + p*k = 2*y + 2. Let l = 9 - y. What is the units digit of l?
6
Suppose w + 2244 = -3*w. What is the units digit of 4/(-3)*w/22?
4
Let f be (-40)/(-12)*(-12)/(-10). Suppose -f*y = -5*y - 2*g + 13, -3*g = -6. What is the units digit of y?
9
Let y = -14 + 23. Let z = y + 1. What is the units digit of z?
0
Suppose -6 = -0*o - 3*o. Let c(k) = k + 1. Let l be c(-2). What is the units digit of (l/(-2))/(o/4)?
1
Let m(r) = -r**3 + 4*r**2 + 7*r - 6. Let p be m(5). Suppose 3*n = n + p. What is the units digit of 1 + 3 + (1 - n)?
3
Let m = -10 - -14. Suppose 6 = -m*w + 22. What is the units digit of w?
4
Let j(m) be the third derivative of m**6/24 - m**5/60 + 2*m**2. Let q be j(1). Suppose 4*y - 7 = u, -2*y + 1 = q*u - 7. What is the units digit of u?
1
Let c be (208/20)/(3/45). Suppose v - c = -3*v. What is the units digit of v?
9
What is the units digit of (9/5)/(9/30)?
6
Let u = 13 + 35. What is the tens digit of u?
4
Let t(i) = i**3 - 5*i**2 + 8*i + 25. What is the units digit of t(6)?
9
Let r = -11 - -15. Let n = r + 2. What is the units digit of n?
6
Let l = 9 - 3. Suppose 2*v - l - 2 = 0. What is the units digit of v?
4
Let p(g) = 2*g**2 + 7*g - 3. Let l be p(-6). Let k = l + -12. What is the tens digit of k?
1
Suppose -596 + 164 = -4*w. Suppose -w + 0 = -4*v. What is the tens digit of v?
2
Let i(n) = -n**3 + 6*n**2 - 4*n - 2. Let k(j) = j**3 - 4*j**2 + 2*j - 4. Let s be k(4). What is the units digit of i(s)?
4
Let x be 1 - (1 + 0) - -1. Let w(k) = k**3 - 3*k**2 + 2. Let z be w(3). Let b = z - x. What is the units digit of b?
1
Let y = -43 + 40. Let a(d) = -2 + 2*d - 2 + d + 3*d**2. What is the units digit of a(y)?
4
What is the units digit of ((-336)/(-30))/((-8)/(-20))?
8
Let q = 2 + 0. Let k = q - 4. What is the units digit of ((-10)/(-4)*-4)/k?
5
Let n(s) = 4*s + 5. What is the units digit of n(4)?
1
Let c = -1 - -111. Suppose -5*s = -0*s - c. What is the units digit of s?
2
Let v(y) = y**2 + 5*y - 8. Let d be v(-6). Let x(g) = -2*g**3 - 2*g**2 + g - 2. Let z be x(d). Suppose -r = 0, -2*r - r + 4 = z*k. What is the units digit of k?
1
Suppose 0 = -16*v + 20*v. Suppose 4*g + 2*g - 6 = v. What is the units digit of g?
1
Suppose -3*q + 5*q - 3*m + 5 = 0, q = -2*m + 8. What is the units digit of (q/5)/((-3)/(-90))?
2
Suppose 3*r - 32 = 5*t, r - t = -2*t. Suppose 5*f + 5*m = -50, 1 = m - r. What is the units digit of 3/(-10)*2*f?
9
Let m(u) = -u**3 + 5*u**2 + 7*u - 3. What is the units digit of m(6)?
3
Let y(d) = 2*d - 3. Let o be y(4). Suppose -o*j + 191 - 51 = 0. What is the tens digit of j?
2
Suppose -g + 5 = 3. Suppose -3*y + g = -4*f, -5*y - 12 + 0 = f. Let m(h) = 3*h**2 - 1. What is the tens digit of m(f)?
1
Let i be 43 - (4/2 - 1). Suppose z + z = i. What is the tens digit of z?
2
Let x be 122/(-18) + 6/(-27). Let s = -5 - x. What is the units digit of s?
2
Let j(b) = 5*b**2 + b + 6. Let y(g) = -4*g**2 - 2*g - 5. Let t(p) = 3*j(p) + 4*y(p). Let u be t(-2). Let o = u + -1. What is the units digit of o?
3
Let n(d) = -d**3 - 18*d**2 + 17*d + 8. What is the tens digit of n(-19)?
4
Let h be (2 - 1)/((-1)/(-7)). Suppose -h - 1 = d. Let y = d + 12. What is the units digit of y?
4
Let j(o) = -o**2 + 2*o + 8. Let w(x) = 3*x**2 - 5*x - 17. Let q(p) = 5*j(p) + 2*w(p). Let f(y) = y**3 - y. Let i be f(0). What is the units digit of q(i)?
6
Suppose -m + 4*m - 216 = 0. What is the units digit of m?
2
Let p = -2 + 5. Suppose -7*b + p*b = -56. What is the units digit of b?
4
Let a = 71 - 66. What is the units digit of a?
5
Let o(i) = -2*i - 7. Let j be -1*4 + (3 - 5). What is the units digit of o(j)?
5
What is the units digit of (4/5)/(10/350)?
8
Let m be -2 + ((-15)/1)/(-3). Suppose s = -5*o + 14, m*o + 4*s = 5*s + 2. Suppose 3*n + o*n + 5*f = 55, 25 = 2*n - f. What is the units digit of n?
2
Let o = 70 + 0. What is the tens digit of o?
7
Let w = -7 - -4. Let s = 0 - w. Suppose -s*h + 18 = 6. What is the units digit of h?
4
Let r(u) = u**2 + 3*u + 1. Let l be r(-3). What is the units digit of (-10 + l)/3 + 12?
9
Let v(r) be the first derivative of r**4/2 + r**3/3 - r**2/2 - r - 1. Let l be v(-1). Let x(n) = -11*n. What is the tens digit of x(l)?
1
Suppose 4*p = -3*g + 111, -p + 6*p - 138 = -3*g. What is the tens digit of p?
2
Let a be (15/(-6))/((-1)/(-2)). Let y be 2 + 0/(-4) + -4. What is the units digit of (y/a)/((-2)/(-30))?
6
Let u = 169 + 76. What is the units digit of u?
5
Let k(c) = -c**3 - 3*c**2 + 3*c + 3. Let b be k(-3). Suppose -3 = 3*n, -2*n + 0*n - 24 = -2*s. Let l = b + s. What is the units digit of l?
5
Let o(b) = -10*b - 16. What is the tens digit of o(-8)?
6
Suppose 7*j - 557 = 556. What is the tens digit of j?
5
Let a = 5 + -5. Suppose a = -2*x + x + 24. Suppose -4*t = 4*q - x, 2*t + q = 3*q + 8. What is the units digit of t?
5
Suppose y = -2*y + 129. What is the units digit of y?
3
Let l(m) = m**2 + 3*m - 2. Let j be l(-5). Let x(c) be the second derivative of c**5/20 - 3*c**4/4 + 5*c**3/3 - 6*c**2 + 5*c. What is the units digit of x(j)?
4
Let n be (30 - 0)*1/2. Let a = -5 + n. What is the tens digit of a?
1
Suppose 2*j - 16 = -8*b + 3*b, 4*j + 4*b - 20 = 0. Suppose -h + 1 = r - 8, h + j = 2*r. What is the units digit of h?
5
Let a = -38 - -78. What is the units digit of a?
0
Let k = -150 + 271. What is the tens digit of k?
2
Let r(k) = -k + 8. Let j be r(6). What is the tens digit of 50/j - (5 + -5)?
2
Let b = 43 - 19. Let z = b - 13. What is the units digit of z?
1
What is the tens digit of 13 - 1*(4 - 3)?
1
Suppose -4*k + 104 = -3*q, 2*k - 22 - 16 = -2*q. What is the tens digit of k?
2
Suppose -a = 2*a + 90. Let n = a - -15. What is the units digit of (-50)/n - (-4)/6?
4
Let c = 0 + -1. Let l be -1 - -5 - (c - -2). Suppose x + 0*q = -3*q - 1, 14 = 4*x + l*q. What is the units digit of x?
5
Let v = 16 - 11. Suppose v*u - 80 = -0*u. What is the tens digit of u?
1
Suppose g - 2*b + 6 = 0, 6*g + 3*b = 2*g + 31. Suppose -g*q = 13 + 3. What is the units digit of (-75)/q - (-1)/4?
9
Let m be 0 - 1 - (4 - 6). Let v be (m/3)/((-5)/(-45)). Suppose -h = 5*f + 14, -8 = -3*h - 2*f - v*f. What is the units digit of h?
1
Let p(i) = -i**3 + 3*i**2 + 6*i - 5. Let d be p(4). Suppose 5*f = f. What is the units digit of 3 + (f/d - 0)?
3
Let k(s) = -s**2 + 7*s - 5. Let j be k(6). Let i(p) = j + 4 - p**2 + 4*p**3 - 4 + 8*p**3. What is the units digit of i(1)?
2
Let o = 8 - 4. Let w(g) = -2*g - 5. Let q be w(-16). Suppose o*v = v + q. What is the units digit of v?
9
Suppose 0 = 4*p - 13 + 5. Suppose 4*t = -l - 10, -3*l = -p*t + 3*t - 3. What is the units digit of l?
2
Let t(n) = -2*n - 5. Let r be t(-4). Let h(i) = 0*i**2 - i**3 + 3 - 2*i**2 + 5*i**2 + 0*i**2. What is the units digit of h(r)?
3
Let i = -466 - -807. What is the hundreds digit of i?
3
Suppose 76 = -b + 5*b. Let l = -1 + b. Suppose 4*t - l = -3*u, 17 = -3*u + 4*u + 5*t. What is the units digit of u?
2
Let o(t) = -21*t**3 + 2*t**2 + 3*t + 5. What is the tens digit of o(-2)?
7
Suppose 3*w + 19 = s, -2*w - 5*s - 25 = 3*w. Let t be -6*(10/w - -1). Let v = 11 - t. What is the units digit of v?
7
Let z = 1 - -8. Let k = z - -7. What is the tens digit of k?
1
Suppose 3*a = a. Suppose a = v - 9 - 15. Suppose n + 4*y + v = 5*n, -2*n - 5*y = -12. What is the units digit of n?
6
Suppose 0 = a - 3*a + 8. Suppose -2*s - 34 = -4*h, a*h - 5*h = -4*s - 5. What is the units digit of h?
9
Let s(a) = 4*a - 1. Let n be s(7). Suppose -5*f + 23 = -n. What is the units digit of f?
0
Suppose -96 = -5*o + o. What is the tens digit of o?
2
Suppose 5*c - 911 = -3*t, -6*t = -4*c - 4*t + 720. What is the units digit of c?
1
Suppose 0 = -w - 4 - 1. Let j = w + 9. What is the units digit of (14/(-8))/(j/(-16))?
7
Let c(q) = 2*q - 3. Let o be c(3). Suppose 0*n + o*n = 0. Suppose 5*m - t + n*t - 30 = 0, 0 = t. What is the units digit of m?
6
Suppose -2*m = -0*h - 5*h + 12, 0 = -5*m + 20. Let k(d) = 12*d + 7 - 11*d + h. What is the units digit of k(-8)?
3
Let m(r) = -r**3 + 4*r**2 - 3*r + 3. Let z be m(3). Suppose 2*u = z*u - 13. What is the units digit of u?
3
Suppose 4*s - 6 = -0*s - q, 3*q = 6. Sup